5. Let v(r) = -3*r - 28. Let p be v(7). Let m = -34 - p. Calculate the remainder when t is divided by m.
14
Let o(i) = -68*i**3 - 2*i**2 + 1. Let x(a) = -a**2 + 13*a + 13 + 2*a + 2*a**2. Let d be x(-14). Calculate the remainder when o(d) is divided by 17.
16
Let p = 36 + -25. Suppose 2*g - q + 2 = 2*q, -4*g - 3*q = -32. Suppose -2*x = -l - l - 64, -g*x = -4*l - 159. Calculate the remainder when x is divided by p.
9
Calculate the remainder when 573 is divided by 3/(-4)*(-1200)/50.
15
Let o = 332 - 314. Calculate the remainder when 592 is divided by o.
16
Let d be (-12)/(-72) + 79/(-6). Suppose -8 = -2*b - 2*b, 3*i - 5*b = 62. Let q = d + i. Calculate the remainder when q is divided by 4.
3
Let g be 2/(44/9786) + (-40)/(-220). Let h = g - 298. What is the remainder when h is divided by 37?
36
Suppose -4*y = p + 77 - 382, y - 3*p - 73 = 0. What is the remainder when y is divided by 28?
20
Suppose 2*f - 1 - 29 = 0. Let k be f/(-10)*4/(-3). Calculate the remainder when (5/10)/(k/28) is divided by 3.
1
Let w(c) = -5*c**3 + 8*c**2 + 9*c + 11. What is the remainder when w(-5) is divided by 72?
71
Let p = 469 - 334. Let n = p + -36. What is the remainder when n is divided by 20?
19
Let q(g) = 15*g - 9. Calculate the remainder when q(6) is divided by (21/(-6) - -4)*58.
23
Suppose -4*v = 3*x - 281, 2*v - 14*x = -10*x + 168. Calculate the remainder when 1107 is divided by v.
71
Let m(w) = 2 - 5*w - 40*w**2 + 42*w**2 + 6. Let z(b) = b**3 + 2*b**2 - b. Let t be z(-2). Calculate the remainder when m(t) is divided by 2.
0
Let j(f) = f**2 + 9*f. Let n(k) = k**2 - 15*k - 10. Let c be n(15). Calculate the remainder when 19 is divided by j(c).
9
Let o(y) = -y - 25. Let x be o(-20). Let q(s) = 0 + 5*s**2 - 4*s + 5*s**3 - 4*s**3 + 3. What is the remainder when 67 is divided by q(x)?
21
Let o(a) = -a**3 + 6*a**2 - 3*a - 3. Let j(y) = -2*y**2 + y - 3. Let i(v) = 1. Let k(l) = -6*i(l) - j(l). Calculate the remainder when k(-3) is divided by o(5).
4
Suppose -5*w - 2*j = -388, -5*w = -j - 619 + 228. What is the remainder when w is divided by 31?
16
Let y(d) = -d**3 - 2*d**2 + 10*d + 20. Let u = 17 + -21. Calculate the remainder when 41 is divided by y(u).
5
Let t(b) = -b**3 - 2*b**2 + 3*b - 38. What is the remainder when 95 is divided by t(-6)?
7
Let x = 5 - -7. Suppose -3*t + 27 = m + 1, 5*t = -5*m + 150. Calculate the remainder when m is divided by x.
8
Calculate the remainder when 183 is divided by 11/2 - 1815/(-22).
7
What is the remainder when (-1 - (-763)/3) + (-4)/(-6) is divided by 8?
6
Suppose 17*n - 33 = 1157. What is the remainder when n is divided by 53?
17
Let q = -100 + 124. Suppose 0 = 8*d - 3*d - 25. What is the remainder when q is divided by d?
4
Suppose -480 = -11*p + p. Suppose -3*h - 4*z + 47 = 0, 0 = -0*h + 3*h - 3*z - 54. Calculate the remainder when p is divided by h.
14
Suppose 9*a - 4*a - 8671 = 2*h, 4*h - 8683 = -5*a. Calculate the remainder when a is divided by 31.
30
Let r be 1/(3*2/3852). Suppose 2*v - 858 = -4*w, v = -2*w - w + r. Suppose w = 5*h - 4*p + 8, h + p = 32. What is the remainder when h is divided by 10?
7
Suppose -12*q + 5*q = -105. Calculate the remainder when 87 is divided by q.
12
Suppose 3*h - 2*o + 5*o = -21, -5*h = -5*o + 65. Let v = 23 + h. Calculate the remainder when 114 is divided by v.
10
Let c = 24 + -20. Suppose c*k = 3*x + 12, 2*x = 2*k - 0*k - 6. Suppose 2*t + 10 = 0, x = 3*y + 4*t + 8 - 42. Calculate the remainder when 52 is divided by y.
16
Suppose -9*o + 56 = -2*o. What is the remainder when 14 is divided by o?
6
Let m(l) = -l**3 - 4*l**2 + 5*l + 2. Let n be m(-5). Suppose n*b - 72 = -2*b. Calculate the remainder when b is divided by 5.
3
Let o = -169 + 201. Calculate the remainder when 93 is divided by o.
29
Suppose -4*a - 4*s + 80 = 0, -3*s - 20 = -32. What is the remainder when 36 is divided by a?
4
Let v be (3/2)/((-21)/(-658)). Let y = -33 + v. What is the remainder when (41/1)/(7 - 6) is divided by y?
13
Let x = 67 + -65. Suppose -u - u + 8 = 4*l, 43 = x*u - 3*l. What is the remainder when 82 is divided by u?
12
Let h(l) = -10*l**3 - 2*l**2 + l + 2. Suppose 9*m - 5*m + 4 = 0. What is the remainder when 27 is divided by h(m)?
0
Suppose 20 = 3*d - 0*d + x, -16 = -4*d + 4*x. Suppose w + 110 = d*w. What is the remainder when 63 is divided by w?
19
Let v be -6 + 9/3 - -10. Let r(i) = 4*i**2 - 7*i + v*i**2 + 1 - 2*i**2 - i**3. Calculate the remainder when 35 is divided by r(8).
8
Suppose -4*l = 4*b - 52, -5*b + 24*l - 19*l = -55. Calculate the remainder when -31*(-3 + 4 + -2) is divided by b.
7
Let j = 651 - 454. What is the remainder when j is divided by 18?
17
Let s be (-25)/(-9) - (-14)/63. Suppose s*k = 8*k - 95. Calculate the remainder when 91 is divided by k.
15
Suppose 10*h - 708 = -108. What is the remainder when 158 is divided by h?
38
Suppose 4*b - 110 = 4*u - 9*u, 3*b - 71 = 2*u. What is the remainder when 119 is divided by b?
19
Let s(o) = 12*o**3 - 2*o**2 - 22*o - 1. Calculate the remainder when s(3) is divided by 35.
29
Let g = 9 + 4. Let n be (-25 + 43)/(2 - 0). Suppose -8*x = -n*x + 76. Calculate the remainder when x is divided by g.
11
Let k(b) = 5*b + 13. What is the remainder when 225 is divided by k(5)?
35
Let l(b) = -14*b**3 - b**2 + 10*b + 14. What is the remainder when l(-2) is divided by 11?
3
Suppose 1827 = -478*c + 499*c. Let y(s) = 3*s**3 - 4*s**2 - s + 2. What is the remainder when c is divided by y(3)?
43
Let z(x) = x**2 - 20*x - 171. What is the remainder when z(-9) is divided by 31?
28
Suppose -40*f + 42*f = -18. Let s = f + 17. Calculate the remainder when s is divided by 5.
3
Let m = 385 - 148. What is the remainder when m is divided by 60?
57
Let c be -26*1/(-2) + 2. Let r = c + -8. Suppose 81*w + 543 - 1693 = 2090. What is the remainder when w is divided by r?
5
Let u(f) = 2*f**2 - 10. Calculate the remainder when 285 is divided by u(-4).
21
Let q(f) = 5*f + 45. What is the remainder when q(0) is divided by 21?
3
Let j = 35 - 30. Let l(n) = 25*n - 3. Calculate the remainder when l(j) is divided by 18.
14
Let i(c) = c**3 - 10*c**2 - 6*c + 5. Let j be i(10). Let s be j - (0/(-2))/(-2). What is the remainder when 10 is divided by s/(-10) - 3/2?
2
Let t = 21 + -18. Suppose -t*v + 172 + 32 = 0. Calculate the remainder when v is divided by 24.
20
Let n = -36 + 61. What is the remainder when -1 - (1 - (106 - 35/5)) is divided by n?
22
Let a(q) = -q + 5. Let b be a(13). Calculate the remainder when 11 is divided by (-46)/b + -3*(-8)/96.
5
Let a(k) = -k**3 + 6*k**2 + 3*k + 5. Let c be a(5). Let u = c + -32. Calculate the remainder when 38 is divided by u.
12
Suppose 2*g + 5*o - 203 = 0, 425 = 5*g + 20*o - 24*o. What is the remainder when g is divided by 32?
25
Let z(c) = -c**2 + 16*c + 4. Let k be z(16). Suppose 6*g = 11*g + k*t - 483, g - 102 = t. What is the remainder when g is divided by 6?
3
Let o = 7 + -6. What is the remainder when (-12)/28 - (-310)/70 is divided by o?
0
Suppose 0 = 5*u + 2 - 12. Suppose 10 + 20 = u*d - 4*q, -d + 12 = q. Let l = 36 + 0. What is the remainder when l is divided by d?
10
Suppose 0*g - 4*f = -5*g - 314, f + 268 = -4*g. Let d = -46 - g. Let p = -89 - -166. What is the remainder when p is divided by d?
17
Let i(b) = b**3 + 6*b**2 + 4*b + 14. What is the remainder when i(-4) is divided by 23?
7
Suppose -2*l + 5*h + 148 = h, 6*h = 4*l - 298. What is the remainder when l is divided by (-78)/(-4)*4/6?
11
Suppose -3*l = 5*b - 9, -3*l + 6*l - 6 = -4*b. Suppose -169 = -4*u + 5*s, 5*s = -b*u - u + 159. What is the remainder when u is divided by 14?
13
Let x = 13 + -11. Suppose -3*i - x + 11 = 0. What is the remainder when i is divided by 3?
0
Let u = 152 - -13. Calculate the remainder when u is divided by 6.
3
Let p(o) be the first derivative of o**3/3 - 3*o**2 - 10*o - 4. Let u be p(7). Calculate the remainder when (-10)/u*(-54)/(-15) is divided by 5.
2
Let u = 292 - 204. Suppose 24*l = 28*l - u. What is the remainder when l is divided by 6?
4
Suppose -5*w = -h - 2, -5*w = -2*h - 1 + 2. Let y = 23 - 6. What is the remainder when 1 - -48 - (w + -1) is divided by y?
15
Suppose -7*p = -2*p - 85. Calculate the remainder when 25 is divided by p.
8
Suppose -53 = -3*i + 4. Suppose 48 + 52 = 10*n. What is the remainder when i is divided by n?
9
Suppose -i - 4 = 